3201?
6
What is the thousands digit of 74669?
4
What is the thousands digit of 7466049?
6
What is the thousands digit of 315171?
5
What is the ten thousands digit of 228210?
2
What is the hundreds digit of 60196?
1
What is the hundreds digit of 292677?
6
What is the hundreds digit of 575901?
9
What is the units digit of 99661?
1
What is the hundreds digit of 1059076?
0
What is the hundreds digit of 210051?
0
What is the hundred thousands digit of 19424585?
4
What is the hundred thousands digit of 3396409?
3
What is the thousands digit of 805252?
5
What is the tens digit of 397658?
5
What is the units digit of 226831?
1
What is the hundred thousands digit of 5988367?
9
What is the ten thousands digit of 22730059?
3
What is the hundred thousands digit of 12119839?
1
What is the ten thousands digit of 276818?
7
What is the ten millions digit of 16332413?
1
What is the units digit of 36892176?
6
What is the tens digit of 7368372?
7
What is the millions digit of 3691563?
3
What is the hundreds digit of 734232?
2
What is the tens digit of 497697?
9
What is the millions digit of 2187040?
2
What is the units digit of 476913?
3
What is the hundreds digit of 430189?
1
What is the hundreds digit of 1483133?
1
What is the tens digit of 176499?
9
What is the hundreds digit of 120833?
8
What is the hundred thousands digit of 1765065?
7
What is the hundred thousands digit of 4646708?
6
What is the tens digit of 6559677?
7
What is the hundreds digit of 2694153?
1
What is the ten thousands digit of 6109799?
0
What is the hundred thousands digit of 3668564?
6
What is the millions digit of 3085866?
3
What is the millions digit of 1579748?
1
What is the ten thousands digit of 473838?
7
What is the hundreds digit of 16116563?
5
What is the millions digit of 33514326?
3
What is the ten thousands digit of 5250600?
5
What is the units digit of 65426?
6
What is the units digit of 2468189?
9
What is the tens digit of 985328?
2
What is the hundred thousands digit of 314991?
3
What is the hundred thousands digit of 6337559?
3
What is the hundreds digit of 113163?
1
What is the hundred thousands digit of 218394?
2
What is the hundred thousands digit of 597214?
5
What is the hundred thousands digit of 123964?
1
What is the tens digit of 5719689?
8
What is the tens digit of 4091299?
9
What is the ten thousands digit of 5429914?
2
What is the millions digit of 14170616?
4
What is the tens digit of 970975?
7
What is the thousands digit of 3555907?
5
What is the hundreds digit of 2070011?
0
What is the ten millions digit of 11477276?
1
What is the hundred thousands digit of 619479?
6
What is the tens digit of 979821?
2
What is the ten thousands digit of 3416198?
1
What is the millions digit of 4543477?
4
What is the tens digit of 52293?
9
What is the units digit of 17037451?
1
What is the thousands digit of 3836764?
6
What is the thousands digit of 2244369?
4
What is the units digit of 847626?
6
What is the ten thousands digit of 900832?
0
What is the hundred thousands digit of 1460199?
4
What is the ten thousands digit of 6482259?
8
What is the tens digit of 1776990?
9
What is the hundreds digit of 523171?
1
What is the millions digit of 1001554?
1
What is the millions digit of 1110000?
1
What is the millions digit of 3198564?
3
What is the units digit of 68038?
8
What is the ten thousands digit of 2255774?
5
What is the hundred thousands digit of 731547?
7
What is the millions digit of 2776807?
2
What is the millions digit of 8226610?
8
What is the units digit of 16849646?
6
What is the tens digit of 3725301?
0
What is the ten thousands digit of 810324?
1
What is the hundreds digit of 81205?
2
What is the hundreds digit of 2530890?
8
What is the hundred thousands digit of 718148?
7
What is the ten thousands digit of 269735?
6
What is the tens digit of 1335710?
1
What is the thousands digit of 8519749?
9
What is the thousands digit of 117422?
7
What is the thousands digit of 1858543?
8
What is the ten thousands digit of 7060089?
6
What is the thousands digit of 41497?
1
What is the thousands digit of 20640697?
0
What is the millions digit of 5258195?
5
What is the units digit of 2483203?
3
What is the thousands digit of 417892?
7
What is the hundreds digit of 1142768?
7
What is the hundred thousands digit of 7993404?
9
What is the thousands digit of 666140?
6
What is the thousands digit of 433126?
3
What is the tens digit of 306091?
9
What is the thousands digit of 5432558?
2
What is the units digit of 955344?
4
What is the millions digit of 8153473?
8
What is the ten thousands digit of 123559?
2
What is the ten thousands digit of 98742?
9
What is the tens digit of 92980?
8
What is the hundred thousands digit of 1590663?
5
What is the ten thousands digit of 1618929?
1
What is the hundreds digit of 789016?
0
What is the millions digit of 13142316?
3
What is the ten thousands digit of 124763?
2
What is the tens digit of 13769086?
8
What is the thousands digit of 2902214?
2
What is the tens digit of 16699455?
5
What is the units digit of 3191890?
0
What is the ten thousands digit of 979755?
7
What is the millions digit of 1071318?
1
What is the hundred thousands digit of 216918?
2
What is the thousands digit of 491743?
1
What is the millions digit of 10736628?
0
What is the thousands digit of 833268?
3
What is the hundred thousands digit of 247601?
2
What is the millions digit of 13183016?
3
What is the thousands digit of 475175?
5
What is the ten thousands digit of 146578?
4
What is the hundred thousands digit of 5122911?
1
What is the units digit of 143399?
9
What is the tens digit of 198690?
9
What is the millions digit of 6184961?
6
What is the tens digit of 38211015?
1
What is the tens digit of 6615336?
3
What is the thousands digit of 2140391?
0
What is the ten thousands digit of 1912223?
1
What is the hundred thousands digit of 540666?
5
What is the thousands digit of 452542?
2
What is the hundreds digit of 671840?
8
What is the thousands digit of 215050?
5
What is the hundreds digit of 6574928?
9
What is the hundred thousands digit of 3821406?
8
What is the hundred thousands digit of 205385?
2
What is the hundreds digit of 12913093?
0
What is the tens digit of 595848?
4
What is the millions digit of 11243435?
1
What is the tens digit of 956899?
9
What is the tens digit of 12011788?
8
What is the hundred thousands digit of 3234530?
2
What is the millions digit of 27627969?
7
What is the thousands digit of 270031?
0
What is the hundreds digit of 63681?
6
What is the tens digit of 343339?
3
What is the units digit of 31899478?
8
What is the hundred thousands digit of 264703?
2
What is the thousands digit of 744510?
4
What is the hundreds digit of 5433563?
5
What is the ten thousands digit of 4798511?
9
What is the tens digit of 11806144?
4
What is the thousands digit of 468256?
8
What is the thousands digit of 2005135?
5
What is the hundred thousands digit of 263510?
2
What is the thousands digit of 624655?
4
What is the ten thousands digit of 4044263?
4
What is the units digit of 335014?
4
What is the hundred thousands digit of 7354521?
3
What is the tens digit of 69316?
1
What is the hundreds digit of 117489?
4
What is the hundred thousands digit of 417285?
4
What is the ten thousands digit of 8613183?
1
What is the hundred thousands digit of 579508?
5
What is the thousands digit of 245191?
5
What is the units digit of 9518515?
5
What is the tens digit of 1377639?
3
What is the hundred thousands digit of 2394969?
3
What is the hundred thousands digit of 270063?
2
What is the hundred thousands digit of 11386564?
3
What is the thousands digit of 407082?
7
What is the thousands digit of 23468367?
8
What is the units digit of 8814?
4
What is the hundred thousands digit of 240909?
2
What is the units digit of 3534745?
5
What is the hundreds digit of 4071377?
3
What is the thousands digit of 281867?
1
What is the tens digit of 267443?
4
What is the hundred thousands digit of 2827067?
8
What is the ten thousands digit of 855826?
5
What is the thousands digit of 1096198?
6
What is the ten thousands digit of 7176284?
7
What is the tens digit of 543932?
3
What is the millions digit of 3479186?
3
What is the tens digit of 549439?
3
What is the thousands digit of 6546471?
6
What